{"id":216,"date":"2013-03-16T22:53:29","date_gmt":"2013-03-16T21:53:29","guid":{"rendered":"http:\/\/www.pferdefreunde-sv-starkenberg.de\/?page_id=216"},"modified":"2023-08-15T12:54:03","modified_gmt":"2023-08-15T11:54:03","slug":"horsemanship","status":"publish","type":"page","link":"http:\/\/www.pferdefreunde-sv-starkenberg.de\/?page_id=216","title":{"rendered":"Wir \u00fcber uns &#8211; natural horsemanship"},"content":{"rendered":"<p><strong>Natural Horsemanship &#8211; Der Umgang mit dem Pferd<\/strong><\/p>\n<p><a title=\"Bild 28\" href=\"http:\/\/www.starkenberg.info\/_WP\/wp-content\/uploads\/2012\/10\/Bild-28.jpg\" rel=\"same-post-2369\" rel=\"lightbox[216]\"><img loading=\"lazy\" decoding=\"async\" title=\"Gelassenheits\u00fcbung mit gleichzeitiger Dehnung\" src=\"http:\/\/www.starkenberg.info\/_WP\/wp-content\/uploads\/2012\/10\/Bild-28-100x71.jpg\" alt=\"\" width=\"100\" height=\"71\" \/><\/a>\u2026 steht f\u00fcr einen nat\u00fcrlichen, pferdegerechten Umgang mit dem Pferd \u2013 sowohl vom Boden aus, als auch unter dem Sattel. Noch ein neuer Vierbeiner namens Ronja ist im Mai 2012 auf dem Reiterhof dazu gekommen. Die junge Scheck-Stute wird seit Herbst 2012 angeritten. Sie ist sehr lernbegierig und hat Spa\u00df an der Arbeit. Die Vorarbeit f\u00fcr den klaren Kopf, das Vertrauen und den Respekt dem Menschen gegen\u00fcber leistet die Bodenarbeit, das sog. Natural Horsemanship. Bodenarbeit ist die Arbeit mit dem Pferd, bei der es nicht geritten wird. Mit dem Pferd Ronja steht dies bei Anja K\u00fchn im Vordergrund.<\/p>\n<p><a title=\"Bild 30\" href=\"http:\/\/www.starkenberg.info\/_WP\/wp-content\/uploads\/2012\/11\/Bild-301.jpg\" rel=\"same-post-2369\" rel=\"lightbox[216]\"><img loading=\"lazy\" decoding=\"async\" title=\"Scheutraining mit Plane\" src=\"http:\/\/www.starkenberg.info\/_WP\/wp-content\/uploads\/2012\/11\/Bild-301-100x75.jpg\" alt=\"\" width=\"100\" height=\"75\" \/><\/a><\/p>\n<p>Wir Menschen kommunizieren haupts\u00e4chlich \u00fcber die Sprache; K\u00f6rperhaltungen nehmen wir eher unbewusst wahr. Pferde sind dagegen geradezu penible Beobachter ihrer Umgebung! Kein Mensch kann einem Pferd etwas \u201evorspielen\u201c. Pferde \u201elesen\u201c unseren Gem\u00fctszustand ganz genau \u2013 Angst, Unsicherheit, Trauer, Entspannung, Gelassenheit, all das sp\u00fcrt ein Pferd sofort. Was als Spielerei und Kinderkram wirkt und f\u00fcr den blo\u00dfen Beobachter eher unspektakul\u00e4r aussieht, bedarf genauso der \u00dcbung wie das Reiten. Bei einem guten Reiter sieht man ja auch nur noch Leichtigkeit und Selbstverst\u00e4ndlichkeit zwischen ihm und dem Pferd.<\/p>\n<p><a title=\"Bild 27\" href=\"http:\/\/www.starkenberg.info\/_WP\/wp-content\/uploads\/2012\/10\/Bild-27.jpg\" rel=\"same-post-2369\" rel=\"lightbox[216]\"><img loading=\"lazy\" decoding=\"async\" title=\"Vorbereitung f\u00fcr das Kompliment\" src=\"http:\/\/www.starkenberg.info\/_WP\/wp-content\/uploads\/2012\/10\/Bild-27-100x74.jpg\" alt=\"\" width=\"100\" height=\"74\" \/><\/a>\u00a0\u00a0<a title=\"Bild 29\" href=\"http:\/\/www.starkenberg.info\/_WP\/wp-content\/uploads\/2012\/10\/Bild-29.jpg\" rel=\"same-post-2369\" rel=\"lightbox[216]\"><img loading=\"lazy\" decoding=\"async\" title=\"Gelassenheits\u00fcbung mit Flatterband\" src=\"http:\/\/www.starkenberg.info\/_WP\/wp-content\/uploads\/2012\/10\/Bild-29-100x73.jpg\" alt=\"\" width=\"100\" height=\"73\" \/><\/a>\u00a0\u00a0<a title=\"Bild 32\" href=\"http:\/\/www.starkenberg.info\/_WP\/wp-content\/uploads\/2012\/11\/Bild-321.jpg\" rel=\"same-post-2369\" rel=\"lightbox[216]\"><img loading=\"lazy\" decoding=\"async\" title=\"NHS Kurs bei Birger Gieseke\" src=\"http:\/\/www.starkenberg.info\/_WP\/wp-content\/uploads\/2012\/11\/Bild-321-100x74.jpg\" alt=\"\" width=\"100\" height=\"74\" \/><\/a>\u00a0\u00a0<a title=\"Bild 33\" href=\"http:\/\/www.starkenberg.info\/_WP\/wp-content\/uploads\/2012\/11\/Bild-331.jpg\" rel=\"same-post-2369\" rel=\"lightbox[216]\"><img loading=\"lazy\" decoding=\"async\" title=\"NHS Kurs bei Birger Gieseke\" src=\"http:\/\/www.starkenberg.info\/_WP\/wp-content\/uploads\/2012\/11\/Bild-331-100x64.jpg\" alt=\"\" width=\"100\" height=\"64\" \/><\/a><\/p>\n<p>Sp\u00e4testens seit dem Bestseller \u201e Der Pferdefl\u00fcsterer\u201c mit Robert Redford ist Natural Horsemanship auch in Europa bekannt. Dabei hat Natural Horsemanship mit Pferdefl\u00fcstern nichts zu tun. Es steht vielmehr f\u00fcr einen nat\u00fcrlichen, pferdegerechten Umgang mit dem Pferd \u2013 sowohl vom Boden aus, als auch unter dem Sattel. \u00a0\u201ePferdefl\u00fcstern\u201c ist nichts anderes, das sog. \u201eHorsemanship\u201c ist dabei keine kurzfristige Mode-Erscheinung, sondern eine sehr alte Tradition, die nicht zuletzt durch Monty Roberts wieder bekannt wurde.\u00a0<a title=\"Bild 33\" href=\"http:\/\/www.starkenberg.info\/_WP\/wp-content\/uploads\/2012\/11\/Bild-331.jpg\" rel=\"same-post-2369\" rel=\"lightbox[216]\"><br \/>\n<\/a>Weitere ber\u00fchmte Pers\u00f6nlichkeiten, die ihre eigene Form der Bodenarbeit pr\u00e4sentieren und interessierten Menschen beibringen sind u.a.: Pat Parelli und Linda Tellington Jones (TTEAM). Auch der Haflinger Quent von Kristin Pr\u00fcfer wurde nach dem Prinzip das Natural Horsemanship ausgebildet. Diese Aufgabe stand f\u00fcr die kleine Ronja auch auf dem Plan und Kristin hat das Pferd super eingeritten.<\/p>\n<p><a title=\"Bild 31\" href=\"http:\/\/www.starkenberg.info\/_WP\/wp-content\/uploads\/2012\/10\/Bild-31.jpg\" rel=\"same-post-2369\" rel=\"lightbox[216]\"><img loading=\"lazy\" decoding=\"async\" title=\"Anja mit Ronja\" src=\"http:\/\/www.starkenberg.info\/_WP\/wp-content\/uploads\/2012\/10\/Bild-31-100x75.jpg\" alt=\"\" width=\"100\" height=\"75\" \/><\/a><\/p>\n<p>Bei Fragen zum Natural Horsemanship:<\/p>\n<p>Anja\u00a0K\u00fchn<\/p>\n<p>E-Mail:\u00a0<a href=\"mailto:anja.kuehn@starkenberg.info\">anja.kuehn@starkenberg.info<\/a><\/p>\n<p>Tel. 0174 4014617<\/p>\n","protected":false},"excerpt":{"rendered":"<p>Natural Horsemanship &#8211; Der Umgang mit dem Pferd \u2026 steht f\u00fcr einen nat\u00fcrlichen, pferdegerechten Umgang mit dem Pferd \u2013 sowohl&#8230;<\/p>\n","protected":false},"author":1,"featured_media":0,"parent":6,"menu_order":0,"comment_status":"closed","ping_status":"closed","template":"","meta":{"footnotes":""},"class_list":["post-216","page","type-page","status-publish","hentry"],"_links":{"self":[{"href":"http:\/\/www.pferdefreunde-sv-starkenberg.de\/index.php?rest_route=\/wp\/v2\/pages\/216","targetHints":{"allow":["GET"]}}],"collection":[{"href":"http:\/\/www.pferdefreunde-sv-starkenberg.de\/index.php?rest_route=\/wp\/v2\/pages"}],"about":[{"href":"http:\/\/www.pferdefreunde-sv-starkenberg.de\/index.php?rest_route=\/wp\/v2\/types\/page"}],"author":[{"embeddable":true,"href":"http:\/\/www.pferdefreunde-sv-starkenberg.de\/index.php?rest_route=\/wp\/v2\/users\/1"}],"replies":[{"embeddable":true,"href":"http:\/\/www.pferdefreunde-sv-starkenberg.de\/index.php?rest_route=%2Fwp%2Fv2%2Fcomments&post=216"}],"version-history":[{"count":15,"href":"http:\/\/www.pferdefreunde-sv-starkenberg.de\/index.php?rest_route=\/wp\/v2\/pages\/216\/revisions"}],"predecessor-version":[{"id":9476,"href":"http:\/\/www.pferdefreunde-sv-starkenberg.de\/index.php?rest_route=\/wp\/v2\/pages\/216\/revisions\/9476"}],"up":[{"embeddable":true,"href":"http:\/\/www.pferdefreunde-sv-starkenberg.de\/index.php?rest_route=\/wp\/v2\/pages\/6"}],"wp:attachment":[{"href":"http:\/\/www.pferdefreunde-sv-starkenberg.de\/index.php?rest_route=%2Fwp%2Fv2%2Fmedia&parent=216"}],"curies":[{"name":"wp","href":"https:\/\/api.w.org\/{rel}","templated":true}]}}